{"id":31,"date":"2021-08-16T13:19:13","date_gmt":"2021-08-16T13:19:13","guid":{"rendered":"https:\/\/szuleskonyv.hu\/?page_id=31"},"modified":"2025-07-17T08:20:07","modified_gmt":"2025-07-17T08:20:07","slug":"a-szerzorol","status":"publish","type":"page","link":"https:\/\/szuleskonyv.hu\/index.php\/a-szerzorol\/","title":{"rendered":"A szerz\u0151r\u0151l"},"content":{"rendered":"<p>[vc_row content_placement=&#8221;top&#8221;][vc_column][vc_column_text]<\/p>\r\n<h1 style=\"text-align: center;\">Ki vagyok \u00e9n?<\/h1>\r\n<p>[\/vc_column_text][vc_column_text]<\/p>\r\n<p style=\"text-align: left;\"><img loading=\"lazy\" decoding=\"async\" class=\" wp-image-32 alignleft\" src=\"https:\/\/szuleskonyv.hu\/wp-content\/uploads\/2021\/08\/foto_ecsedi_gabi_ok-239x300.jpg\" alt=\"\" width=\"331\" height=\"415\" srcset=\"https:\/\/szuleskonyv.hu\/wp-content\/uploads\/2021\/08\/foto_ecsedi_gabi_ok-239x300.jpg 239w, https:\/\/szuleskonyv.hu\/wp-content\/uploads\/2021\/08\/foto_ecsedi_gabi_ok.jpg 500w\" sizes=\"auto, (max-width: 331px) 100vw, 331px\" \/><\/p>\r\n<p>Dr. Ecsedi Gabriella vagyok, jog\u00e1sz \u00e9s n\u00e9peg\u00e9szs\u00e9g\u00fcgyi szakember, d\u00fala, babahordoz\u00e1si tan\u00e1csad\u00f3, \u00f6nk\u00e9ntes szoptat\u00e1si seg\u00edt\u0151, h\u00e1romgyermekes \u2013 cs\u00e1sz\u00e1ros \u00e9s VBAC (cs\u00e1sz\u00e1rmetsz\u00e9s ut\u00e1n sz\u00fclt) \u2013 \u00e9desanya.<\/p>\r\n<p>M\u00e1r els\u0151 gyermekem sz\u00fclet\u00e9se ut\u00e1n meg\u00e9rintett a sz\u00fcl\u00e9s-sz\u00fclet\u00e9s t\u00e9mak\u00f6r\u00e9nek m\u00e9lys\u00e9ge, s mikor a legkisebb gyerekem el\u00e9g nagy lett hozz\u00e1, el\u0151sz\u00f6r hordoz\u00e1si tan\u00e1csad\u00f3nak tanultam, ut\u00e1na elv\u00e9geztem az Anyatej\u00fat Tud\u00e1sk\u00f6zpont alap-, \u00e9s k\u00f6z\u00e9phalad\u00f3 tanfolyam\u00e1t, majd B\u00e9k\u00e9s Em\u0151ke d\u00falak\u00e9pz\u00e9s\u00e9n vettem r\u00e9szt \u2013 ekkorra m\u00e1r sokf\u00e9le saj\u00e1t tapasztalat (vet\u00e9l\u00e9s, korasz\u00fcl\u00e9s, cs\u00e1sz\u00e1rmetsz\u00e9s, VBAC, nem tervezett otthonsz\u00fcl\u00e9s) birtok\u00e1ban.<\/p>\r\n<p>Fontosnak tartom, hogy a leend\u0151 sz\u00fcl\u0151k tiszt\u00e1ban legyenek azzal, hogy <strong>a vil\u00e1grahoz\u00e1s \u00e9s vil\u00e1gaj\u00f6vetel milyen messzemen\u0151 hat\u00e1ssal<\/strong> b\u00edr mind a sz\u00fcl\u0151k, mind a sz\u00fcletend\u0151 gyermek \u00e9let\u00e9re. K\u00f6nyvszerz\u0151k\u00e9nt \u00e9s d\u00falak\u00e9nt szeretn\u00e9m t\u00e1mogatni a v\u00e1rand\u00f3s p\u00e1rokat, hogy felk\u00e9sz\u00fclten, szeretetteli l\u00e9gk\u00f6rben, \u201eeg\u00e9szs\u00e9ges\u201d sz\u00fcl\u00e9s\u00e9lm\u00e9nnyel gazdagodva \u00e9lhess\u00e9k \u00e1t ezt a megism\u00e9telhetetlen esem\u00e9nyt. Szoptat\u00e1si seg\u00edt\u0151k\u00e9nt \u00e9s hordoz\u00e1si tan\u00e1csad\u00f3k\u00e9nt pedig a kisbab\u00e1s mindennapok g\u00f6rd\u00fcl\u00e9kenyebb\u00e9 t\u00e9tel\u00e9hez j\u00e1rulhatok hozz\u00e1.<\/p>\r\n<p>Seg\u00edt\u0151i filoz\u00f3fi\u00e1m: sz\u00e9p, <strong>eg\u00e9szs\u00e9ges sz\u00fcl\u00e9s\u00e9lm\u00e9nyre v\u00e1gyni nem luxus<\/strong>, hanem \u00e9rthet\u0151 \u00e9s jogos emberi elv\u00e1r\u00e1s. Meggy\u0151z\u0151d\u00e9sem, hogy a sz\u00fcl\u00e9sre val\u00f3 testi, lelki \u00e9s tud\u00e1sbeli felk\u00e9sz\u00fcl\u00e9s nagym\u00e9rt\u00e9kben hozz\u00e1j\u00e1rul, hogy az anya kell\u0151en biztons\u00e1gban \u00e9rezze mag\u00e1t ahhoz, hogy bizalommal \u00e1tadhassa mag\u00e1t a sz\u00fcl\u00e9s er\u0151inek.<\/p>\r\n<p>K\u00f6nyveimet az utat t\u00f6bbsz\u00f6r v\u00e9gigj\u00e1rt n\u0151k\u00e9nt \u00edrtam; nem az eg\u00e9szs\u00e9g\u00fcgyi ell\u00e1t\u00f3rendszerhez tartoz\u00f3, sz\u00fcl\u00e9s k\u00f6r\u00fcli seg\u00edt\u0151 vagyok. N\u00e9z\u0151pontom a v\u00e1rand\u00f3s, illetve sz\u00fcl\u0151 n\u0151, magzata-\u00fajsz\u00fcl\u00f6ttje \u00e9s az apa n\u00e9z\u0151pontja, a hangs\u00faly az \u0151 \u00e9rdekeiken, v\u00e1gyaikon, jogaikon \u00e9s lehet\u0151s\u00e9geiken van. A k\u00f6nyvek szeml\u00e9letm\u00f3dj\u00e1r\u00f3l el\u00f6lj\u00e1r\u00f3ban annyit \u00e9rdemes tudni, hogy ide\u00e1lisnak a term\u00e9szetes, h\u00e1bor\u00edtatlan sz\u00fcl\u00e9st tartom, ugyanakkor nem vagyok k\u00f3rh\u00e1z- vagy beavatkoz\u00e1s-ellenes.<\/p>\r\n<p>M\u00e1r anyak\u00e9nt vetettem bele magam n\u0151t\u00e1rsaim tapasztalatainak, v\u00e9lem\u00e9nyeinek olvas\u00e1s\u00e1ba, majd a sz\u00fcl\u00e9sr\u0151l \u00e9s sz\u00fclet\u00e9sr\u0151l sz\u00f3l\u00f3 magyar \u00e9s nemzetk\u00f6zi szakirodalom, valamint a hazai k\u00f3rh\u00e1zi gyakorlat megismer\u00e9s\u00e9be. Eleinte csak saj\u00e1t ismereteim b\u0151v\u00edt\u00e9se volt a c\u00e9l: els\u0151 gyermekem cs\u00e1sz\u00e1rmetsz\u00e9ssel j\u00f6tt vil\u00e1gra, ezt k\u00f6vet\u0151en kell\u0151k\u00e9ppen fel akartam k\u00e9sz\u00fclni m\u00e1sodik, majd harmadik gyermekem h\u00fcvelyi \u00faton val\u00f3 megsz\u00fcl\u00e9s\u00e9re. Ahogy azonban mind m\u00e9lyebbre \u00e1stam magam a t\u00e9m\u00e1ba, egyre ink\u00e1bb megd\u00f6bbenve tapasztaltam, hogy az emberek \u2013 n\u0151k \u00e9s f\u00e9rfiak, sz\u00fcl\u0151k \u00e9s gyermektelenek \u2013 milyen kev\u00e9s pontos \u00e9s hiteles inform\u00e1ci\u00f3val rendelkeznek a sz\u00fcl\u00e9sr\u0151l, s hogy sok szakember t\u00e9ves szakmai n\u00e9zeteket (is) k\u00e9pvisel. Hitetlenkedve l\u00e1ttam, mennyi elavult, kifejezetten k\u00e1ros, m\u00e9gis nap mint nap rutinszer\u0171en alkalmazott orvosi beavatkoz\u00e1s t\u00f6rt\u00e9nik egy \u00e1tlagos sz\u00fcl\u00e9s sor\u00e1n, hogy a vaj\u00fad\u00f3 n\u0151 \u2013 ak\u00e1r orvosi ok h\u00edj\u00e1n is \u2013 hamar a m\u0171t\u0151asztalon tal\u00e1lhatja mag\u00e1t. Hogy milyen k\u00fczdelmes \u00fat v\u00e1r arra, aki cs\u00e1sz\u00e1rmetsz\u00e9s ut\u00e1n szeretne sz\u00fclni, s hogy milyen sokszor \u00e9lnek \u00e1t a n\u0151k \u00e9s bab\u00e1ik traumatikus \u00e9lm\u00e9nyeket \u00e9let\u00fck e sorsform\u00e1l\u00f3 esem\u00e9nye kapcs\u00e1n. Ugyanakkor sok-sok sz\u00fcl\u00e9s\u00e9lm\u00e9nyt megismerve l\u00e1ttam, hogy gyermeket vil\u00e1gra hozni \u2013 ak\u00e1r h\u00fcvelyi \u00faton, ak\u00e1r m\u0171t\u00e9t \u00e1ltal \u2013 alapvet\u0151en csod\u00e1latos, felemel\u0151, er\u0151t ad\u00f3 \u00e9lm\u00e9ny, s ehhez nem kell m\u00e1s, mint hogy embers\u00e9ges, t\u00e1mogat\u00f3, empatikus szakemberek k\u00eds\u00e9rj\u00e9k az any\u00e1t!<\/p>\r\n<p>Szakm\u00e1imb\u00f3l kifoly\u00f3lag v\u00e9remben van az elemz\u0151-rendszerez\u0151, adatokat \u00e9s t\u00e9nyeket alapul vev\u0151 gondolkod\u00e1sm\u00f3d, ugyanakkor fog\u00e9kony vagyok \u201ea l\u00e9lek dolgai\u201d ir\u00e1nt is, \u00edgy igyekeztem sokoldal\u00fa \u00e9s lehet\u0151s\u00e9g szerint teljesk\u00f6r\u0171 kutat\u00f3munk\u00e1t v\u00e9gezni. Ezt a k\u00f6zel h\u00e1rom \u00e9v alatt \u00f6sszegy\u0171jt\u00f6tt tud\u00e1st szeretn\u00e9m most megosztani m\u00e1sokkal is. Azt szeretn\u00e9m, hogy min\u00e9l t\u00f6bb v\u00e1rand\u00f3s el\u0151tt v\u00e1ljon krist\u00e1lytiszt\u00e1v\u00e1: egy\u00e1ltal\u00e1n nem mindegy, hogyan sz\u00fcl\u00fcnk \u00e9s hogyan sz\u00fclet\u00fcnk. A sz\u00fcl\u00e9s a n\u0151\u00e9 (nem az orvos\u00e9), eg\u00e9sz k\u00e9s\u0151bbi \u00e9let\u00e9re kihat\u00f3 \u00e9lm\u00e9ny, s a vil\u00e1graj\u00f6vetel form\u00e1lja a megsz\u00fclet\u0151 kis ember szem\u00e9lyis\u00e9g\u00e9t, j\u00f6v\u0151beli testi-lelki eg\u00e9szs\u00e9g\u00e9t.<\/p>\r\n<p>Az\u00e9rt \u00edrtam e k\u00f6nyveket, hogy min\u00e9l t\u00f6bbsz\u00f6r hangozzon el: <strong>\u201eDe j\u00f3, hogy ezt tudtam el\u0151re!\u201d<\/strong><\/p>\r\n<p class=\"has-text-align-right has-normal-font-size\"><\/p>\r\n<p>[\/vc_column_text][\/vc_column][\/vc_row]<\/p>","protected":false},"excerpt":{"rendered":"<p>[vc_row content_placement=&#8221;top&#8221;][vc_column][vc_column_text] Ki vagyok \u00e9n? [\/vc_column_text][vc_column_text] Dr. Ecsedi Gabriella vagyok, jog\u00e1sz \u00e9s n\u00e9peg\u00e9szs\u00e9g\u00fcgyi szakember, d\u00fala, babahordoz\u00e1si tan\u00e1csad\u00f3, \u00f6nk\u00e9ntes szoptat\u00e1si seg\u00edt\u0151, h\u00e1romgyermekes \u2013 cs\u00e1sz\u00e1ros \u00e9s VBAC (cs\u00e1sz\u00e1rmetsz\u00e9s ut\u00e1n sz\u00fclt) \u2013 \u00e9desanya. M\u00e1r els\u0151 gyermekem sz\u00fclet\u00e9se ut\u00e1n meg\u00e9rintett a sz\u00fcl\u00e9s-sz\u00fclet\u00e9s t\u00e9mak\u00f6r\u00e9nek m\u00e9lys\u00e9ge, s mikor a legkisebb gyerekem el\u00e9g nagy lett hozz\u00e1, el\u0151sz\u00f6r hordoz\u00e1si tan\u00e1csad\u00f3nak tanultam, ut\u00e1na elv\u00e9geztem [&hellip;]<\/p>\n","protected":false},"author":1,"featured_media":0,"parent":0,"menu_order":0,"comment_status":"closed","ping_status":"closed","template":"","meta":{"footnotes":""},"class_list":["post-31","page","type-page","status-publish","hentry"],"aioseo_notices":[],"_links":{"self":[{"href":"https:\/\/szuleskonyv.hu\/index.php\/wp-json\/wp\/v2\/pages\/31","targetHints":{"allow":["GET"]}}],"collection":[{"href":"https:\/\/szuleskonyv.hu\/index.php\/wp-json\/wp\/v2\/pages"}],"about":[{"href":"https:\/\/szuleskonyv.hu\/index.php\/wp-json\/wp\/v2\/types\/page"}],"author":[{"embeddable":true,"href":"https:\/\/szuleskonyv.hu\/index.php\/wp-json\/wp\/v2\/users\/1"}],"replies":[{"embeddable":true,"href":"https:\/\/szuleskonyv.hu\/index.php\/wp-json\/wp\/v2\/comments?post=31"}],"version-history":[{"count":18,"href":"https:\/\/szuleskonyv.hu\/index.php\/wp-json\/wp\/v2\/pages\/31\/revisions"}],"predecessor-version":[{"id":614,"href":"https:\/\/szuleskonyv.hu\/index.php\/wp-json\/wp\/v2\/pages\/31\/revisions\/614"}],"wp:attachment":[{"href":"https:\/\/szuleskonyv.hu\/index.php\/wp-json\/wp\/v2\/media?parent=31"}],"curies":[{"name":"wp","href":"https:\/\/api.w.org\/{rel}","templated":true}]}}

A szerzőről

<p>[vc_row content_placement=&#8221;top&#8221;][vc_column][vc_column_text]</p>
<h1 style="text-align: center;">Ki vagyok én?</h1>
<p>[/vc_column_text][vc_column_text]</p>
<p style="text-align: left;"><img loading="lazy" decoding="async" class=" wp-image-32 alignleft" src="https://szuleskonyv.hu/wp-content/uploads/2021/08/foto_ecsedi_gabi_ok-239x300.jpg" alt="" width="331" height="415" srcset="https://szuleskonyv.hu/wp-content/uploads/2021/08/foto_ecsedi_gabi_ok-239x300.jpg 239w, https://szuleskonyv.hu/wp-content/uploads/2021/08/foto_ecsedi_gabi_ok.jpg 500w" sizes="auto, (max-width: 331px) 100vw, 331px" /></p>
<p>Dr. Ecsedi Gabriella vagyok, jogász és népegészségügyi szakember, dúla, babahordozási tanácsadó, önkéntes szoptatási segítő, háromgyermekes – császáros és VBAC (császármetszés után szült) – édesanya.</p>
<p>Már első gyermekem születése után megérintett a szülés-születés témakörének mélysége, s mikor a legkisebb gyerekem elég nagy lett hozzá, először hordozási tanácsadónak tanultam, utána elvégeztem az Anyatejút Tudásközpont alap-, és középhaladó tanfolyamát, majd Békés Emőke dúlaképzésén vettem részt – ekkorra már sokféle saját tapasztalat (vetélés, koraszülés, császármetszés, VBAC, nem tervezett otthonszülés) birtokában.</p>
<p>Fontosnak tartom, hogy a leendő szülők tisztában legyenek azzal, hogy <strong>a világrahozás és világajövetel milyen messzemenő hatással</strong> bír mind a szülők, mind a születendő gyermek életére. Könyvszerzőként és dúlaként szeretném támogatni a várandós párokat, hogy felkészülten, szeretetteli légkörben, „egészséges” szülésélménnyel gazdagodva élhessék át ezt a megismételhetetlen eseményt. Szoptatási segítőként és hordozási tanácsadóként pedig a kisbabás mindennapok gördülékenyebbé tételéhez járulhatok hozzá.</p>
<p>Segítői filozófiám: szép, <strong>egészséges szülésélményre vágyni nem luxus</strong>, hanem érthető és jogos emberi elvárás. Meggyőződésem, hogy a szülésre való testi, lelki és tudásbeli felkészülés nagymértékben hozzájárul, hogy az anya kellően biztonságban érezze magát ahhoz, hogy bizalommal átadhassa magát a szülés erőinek.</p>
<p>Könyveimet az utat többször végigjárt nőként írtam; nem az egészségügyi ellátórendszerhez tartozó, szülés körüli segítő vagyok. Nézőpontom a várandós, illetve szülő nő, magzata-újszülöttje és az apa nézőpontja, a hangsúly az ő érdekeiken, vágyaikon, jogaikon és lehetőségeiken van. A könyvek szemléletmódjáról elöljáróban annyit érdemes tudni, hogy ideálisnak a természetes, háborítatlan szülést tartom, ugyanakkor nem vagyok kórház- vagy beavatkozás-ellenes.</p>
<p>Már anyaként vetettem bele magam nőtársaim tapasztalatainak, véleményeinek olvasásába, majd a szülésről és születésről szóló magyar és nemzetközi szakirodalom, valamint a hazai kórházi gyakorlat megismerésébe. Eleinte csak saját ismereteim bővítése volt a cél: első gyermekem császármetszéssel jött világra, ezt követően kellőképpen fel akartam készülni második, majd harmadik gyermekem hüvelyi úton való megszülésére. Ahogy azonban mind mélyebbre ástam magam a témába, egyre inkább megdöbbenve tapasztaltam, hogy az emberek – nők és férfiak, szülők és gyermektelenek – milyen kevés pontos és hiteles információval rendelkeznek a szülésről, s hogy sok szakember téves szakmai nézeteket (is) képvisel. Hitetlenkedve láttam, mennyi elavult, kifejezetten káros, mégis nap mint nap rutinszerűen alkalmazott orvosi beavatkozás történik egy átlagos szülés során, hogy a vajúdó nő – akár orvosi ok híján is – hamar a műtőasztalon találhatja magát. Hogy milyen küzdelmes út vár arra, aki császármetszés után szeretne szülni, s hogy milyen sokszor élnek át a nők és babáik traumatikus élményeket életük e sorsformáló eseménye kapcsán. Ugyanakkor sok-sok szülésélményt megismerve láttam, hogy gyermeket világra hozni – akár hüvelyi úton, akár műtét által – alapvetően csodálatos, felemelő, erőt adó élmény, s ehhez nem kell más, mint hogy emberséges, támogató, empatikus szakemberek kísérjék az anyát!</p>
<p>Szakmáimból kifolyólag véremben van az elemző-rendszerező, adatokat és tényeket alapul vevő gondolkodásmód, ugyanakkor fogékony vagyok „a lélek dolgai” iránt is, így igyekeztem sokoldalú és lehetőség szerint teljeskörű kutatómunkát végezni. Ezt a közel három év alatt összegyűjtött tudást szeretném most megosztani másokkal is. Azt szeretném, hogy minél több várandós előtt váljon kristálytisztává: egyáltalán nem mindegy, hogyan szülünk és hogyan születünk. A szülés a nőé (nem az orvosé), egész későbbi életére kiható élmény, s a világrajövetel formálja a megszülető kis ember személyiségét, jövőbeli testi-lelki egészségét.</p>
<p>Azért írtam e könyveket, hogy minél többször hangozzon el: <strong>„De jó, hogy ezt tudtam előre!”</strong></p>
<p class="has-text-align-right has-normal-font-size"></p>
<p>[/vc_column_text][/vc_column][/vc_row]</p>

<p>[vc_row content_placement=&#8221;top&#8221;][vc_column][vc_column_text] Ki vagyok én? [/vc_column_text][vc_column_text] Dr. Ecsedi Gabriella vagyok, jogász és népegészségügyi szakember, dúla, babahordozási tanácsadó, önkéntes szoptatási segítő, háromgyermekes – császáros és VBAC (császármetszés után szült) – édesanya. Már első gyermekem születése után megérintett a szülés-születés témakörének mélysége, s mikor a legkisebb gyerekem elég nagy lett hozzá, először hordozási tanácsadónak tanultam, utána elvégeztem [&hellip;]</p>
