{"id":617,"date":"2025-07-18T11:53:59","date_gmt":"2025-07-18T11:53:59","guid":{"rendered":"https:\/\/szuleskonyv.hu\/?page_id=617"},"modified":"2025-12-07T11:27:26","modified_gmt":"2025-12-07T11:27:26","slug":"apakonyv","status":"publish","type":"page","link":"https:\/\/szuleskonyv.hu\/index.php\/apakonyv\/","title":{"rendered":"Apak\u00f6nyv"},"content":{"rendered":"<p>[vc_row][vc_column][vc_column_text]<\/p>\n<h3 style=\"text-align: center;\"><strong>Apak\u00e9nt <\/strong><\/h3>\n<h3 style=\"text-align: center;\"><strong>a sz\u00fcl\u0151szob\u00e1n \u00e9s\u00a0<\/strong><strong>a gyermek\u00e1gyas id\u0151szakban<\/strong><\/h3>\n<p style=\"text-align: center;\"><strong>\u00a0<\/strong><strong>Sz\u00fcl\u00e9sre felk\u00e9sz\u00edt\u0151\u00a0<\/strong><strong>\u00e9s sz\u00fcl\u0151s\u00e9gre hangol\u00f3 k\u00f6nyv f\u00e9rfiaknak<\/strong><em>\u00a0<\/em><\/p>\n<p style=\"text-align: center;\"><em>Sz\u00fcl\u00e9s, beavatkoz\u00e1sok, jogok<\/em><\/p>\n<p style=\"text-align: center;\"><em>Hogyan tudom t\u00e1mogatni a p\u00e1romat?<\/em><\/p>\n<p style=\"text-align: center;\"><em>Hogyan &#8220;m\u0171k\u00f6dik&#8221; a kisbaba?<\/em><\/p>\n<p>&nbsp;<\/p>\n<p><img loading=\"lazy\" decoding=\"async\" class=\"size-medium wp-image-620 alignleft\" src=\"https:\/\/szuleskonyv.hu\/wp-content\/uploads\/2025\/07\/apakonyv_boritoterv_gabi1-228x300.jpg\" alt=\"\" width=\"228\" height=\"300\" srcset=\"https:\/\/szuleskonyv.hu\/wp-content\/uploads\/2025\/07\/apakonyv_boritoterv_gabi1-228x300.jpg 228w, https:\/\/szuleskonyv.hu\/wp-content\/uploads\/2025\/07\/apakonyv_boritoterv_gabi1-778x1024.jpg 778w, https:\/\/szuleskonyv.hu\/wp-content\/uploads\/2025\/07\/apakonyv_boritoterv_gabi1-1167x1536.jpg 1167w, https:\/\/szuleskonyv.hu\/wp-content\/uploads\/2025\/07\/apakonyv_boritoterv_gabi1.jpg 1171w\" sizes=\"auto, (max-width: 228px) 100vw, 228px\" \/><\/p>\n<p>&nbsp;<\/p>\n<p>\u00daj k\u00f6nyvemet els\u0151sorban f\u00e9rfiaknak sz\u00e1nom.<\/p>\n<p>A k\u00f6nyvet az a felismer\u00e9s h\u00edvta \u00e9letre, hogy egyre t\u00f6bb apa szeretne a p\u00e1rja mellett lenni a sz\u00fcl\u00e9sn\u00e9l \u2013 \u00e1m <strong>a legt\u00f6bb f\u00e9rfi nincs tiszt\u00e1ban azzal, mi is fog t\u00f6rt\u00e9nni a sz\u00fcl\u0151szob\u00e1n, hogyan tud \u00fagy jelen lenni, seg\u00edteni, hogy neki \u00e9s a p\u00e1rj\u00e1nak is j\u00f3 \u00e9lm\u00e9ny lehessen a bab\u00e1juk sz\u00fclet\u00e9se<\/strong>, \u00e9s ne csak tehetetlen\u00fcl sodr\u00f3djon az esem\u00e9nyekkel.<\/p>\n<p>R\u00e1ad\u00e1sul <strong>a dolog nem \u00e9r v\u00e9get a sz\u00fcl\u00e9ssel<\/strong>: hirtelen ott terem egy 0-24 \u00f3r\u00e1s gondoz\u00e1st ig\u00e9nyl\u0151 kis l\u00e9ny, aki bizony sokszor teljes fizikai \u00e9s lelki odafordul\u00e1st k\u00edv\u00e1n, \u00e9s nem lehet csak \u00fagy f\u00e9lretenni, \u201ekikapcsolni\u201d, hogy a sz\u00fcl\u0151k pihenhessenek\u2026 <strong>Sok f\u00e9rfi <\/strong>(\u00e9s n\u0151)<strong> \u00fagy n\u0151 fel, hogy nem l\u00e1t, nem tart a karj\u00e1ban kisbab\u00e1t<\/strong>: a p\u00e1rok gyakran kev\u00e9s ismerettel rendelkeznek arr\u00f3l, hogyan m\u0171k\u00f6dik az \u00fajsz\u00fcl\u00f6tt.<\/p>\n<p>&nbsp;<\/p>\n<p style=\"text-align: right;\"><strong>K\u00f6nyvaj\u00e1nl\u00f3<\/strong><strong> a wmn.hu-n: <a title=\"k\u00f6nyvaj\u00e1nl\u00f3\" href=\"https:\/\/wmn.hu\/wmn-life\/65780-apa-helye-szules-szuloszoba\" target=\"_blank\" rel=\"noopener\">k\u00f6nyvaj\u00e1nl\u00f3<\/a><\/strong><\/p>\n<p><strong>Leend\u0151 apak\u00e9nt biztosan hallott\u00e1l ezt-azt a sz\u00fcl\u00e9sr\u0151l \u00e9s a bab\u00e1kr\u00f3l, de vajon\u2026<\/strong><\/p>\n<p>\u2026tudsz seg\u00edteni a p\u00e1rodnak eld\u00f6nteni, hogy vaj\u00fadik vagy j\u00f3sl\u00f3f\u00e1j\u00e1sai vannak?<\/p>\n<p>\u2026mit mondasz a p\u00e1rodnak, ha azzal \u00e9breszt hajnali kett\u0151k\u00f6r, hogy elfolyt a magzatvize?<\/p>\n<p>\u2026meg tudod nagyj\u00e1b\u00f3l \u00edt\u00e9lni, hogy melyik szakaszban tart a sz\u00fcl\u00e9s?<\/p>\n<p>\u2026k\u00e9rdezel valamit, ha az orvos felk\u00edn\u00e1lja az EDA-t a p\u00e1rodnak, vagy \u201eegy kis oxit\u201d javasol, hogy gyorsabb legyen a vaj\u00fad\u00e1s?<\/p>\n<p>\u2026tudod, hogy az \u00faj orsz\u00e1gos sz\u00fcl\u00e9szeti protokoll szerint az any\u00e1nak joga van ahhoz, hogy egy \u00e1ltala v\u00e1lasztott k\u00eds\u00e9r\u0151 cs\u00e1sz\u00e1rmetsz\u00e9s eset\u00e9n is mellette legyen?<\/p>\n<p>\u2026\u00e9s hogy a protokoll azt javasolja, hogy cs\u00e1sz\u00e1rmetsz\u00e9s eset\u00e9n a m\u0171t\u00e9ti seb \u00f6sszevarr\u00e1s\u00e1nak idej\u00e9n a baba az any\u00e1val b\u0151r-b\u0151r kontaktusban legyen?<\/p>\n<p>\u2026szerinted a p\u00e1rod visszautas\u00edthatja a sz\u00fcl\u00e9sind\u00edt\u00e1st, a programozott cs\u00e1sz\u00e1rmetsz\u00e9st, az oxitocint vagy a g\u00e1tmetsz\u00e9st?<\/p>\n<p>\u2026tudod, mi\u00e9rt j\u00f3, ha nem szor\u00edtj\u00e1k el azonnal az \u00fajsz\u00fcl\u00f6tt k\u00f6ld\u00f6kzsin\u00f3rj\u00e1t?<\/p>\n<p>\u2026tudod, hogy jogod van a kisbab\u00e1ddal menni, ha orvosi ell\u00e1t\u00e1sra szorul?<\/p>\n<p>\u2026tudod, mi az, amivel a legnagyobb seg\u00edts\u00e9get \u00e9s t\u00e1mogat\u00e1st ny\u00fajthatod a p\u00e1rodnak a gyermek\u00e1gyas id\u0151szakban?<\/p>\n<p>\u2026tudod, kihez fordulhattok, ha egyszer\u0171bb szoptat\u00e1si k\u00e9rd\u00e9sben gyors, ingyenes szak\u00e9rt\u0151i seg\u00edts\u00e9gre van sz\u00fcks\u00e9getek?<\/p>\n<p>\u2026meglep\u0151dsz, ha azt mondom: lehet, hogy az els\u0151 hetekben, ak\u00e1r h\u00f3napokban nem nagyon fogj\u00e1tok tudni letenni a kezetekb\u0151l a kisbab\u00e1tokat? \u00c9s hogy az els\u0151 p\u00e1r h\u00e9tben szinte \u00e1lland\u00f3an mellen szeretne lenni?<\/p>\n<p style=\"text-align: right;\"><a title=\"el\u0151rendel\u00e9s\" href=\"https:\/\/szuleskonyv.hu\/index.php\/megrendeles\/#1759497961482-c03b193d-666d\">Megrendelem!<\/a><\/p>\n<p>\u00c9s ez m\u00e9g csak p\u00e1r k\u00e9rd\u00e9s!<\/p>\n<p><em>Jog\u00e1szk\u00e9nt tudom, milyen fontos a t\u00e1j\u00e9kozotts\u00e1g ahhoz, hogy (j\u00f3) d\u00f6nt\u00e9seket hozhassunk, d\u00falak\u00e9nt pedig l\u00e1tom, mennyit sz\u00e1m\u00edt, ha egy felk\u00e9sz\u00fclt apa van az anya mellett a sz\u00fcl\u00e9sn\u00e9l \u00e9s a gyermek\u00e1gyas id\u0151szakban.<\/em><\/p>\n<p>Elk\u00e9peszt\u0151 dolog, de igaz: mai vil\u00e1gunkban <strong>f\u00e9rfik\u00e9nt is k\u00e9sz\u00fclni kell a sz\u00fcl\u0151v\u00e9 v\u00e1l\u00e1sra: a sz\u00fcl\u00e9sn\u00e9l val\u00f3 tudatos, t\u00e1mogat\u00f3 jelenl\u00e9tre, \u00e9s a kisbaba megsz\u00fclet\u00e9se ut\u00e1ni \u00e9letre is!<\/strong><\/p>\n<p style=\"text-align: right;\"><em><strong>Itt lapozhatsz bele a k\u00f6nyvbe<\/strong><\/em>: <a title=\"olvass bele!\" href=\"https:\/\/szuleskonyv.hu\/index.php\/beleolvasnal\/#1759496727096-160f1504-494d\">olvass bele!<\/a><\/p>\n<p>Nem kell szak\u00e9rt\u0151v\u00e9 k\u00e9pezned magadat, de igenis tehetsz az\u00e9rt, hogy f\u00e9rfik\u00e9nt, t\u00e1rsk\u00e9nt a lehet\u0151 legt\u00f6bbet hozd ki a felmer\u00fcl\u0151 helyzetekb\u0151l!<\/p>\n<p>Apak\u00f6nyv becenev\u0171 k\u00f6nyvemmel ehhez szeretn\u00e9k seg\u00edts\u00e9get ny\u00fajtani, m\u00e9ghozz\u00e1 <strong>els\u0151sorban praktikus ismeretekkel \u00e9s tan\u00e1csokkal<\/strong>.<\/p>\n<p>R\u00f6vid,\u00a0gyorsan fel-fellapozhat\u00f3 k\u00f6nyvet terveztem, ez\u00e9rt igyekeztem visszafogni magam az elm\u00e9leti szakmai \u00e9s jogi ismeretek bemutat\u00e1sa ter\u00e9n: rem\u00e9lem, csak annyi elm\u00e9lettel trakt\u00e1lom olvas\u00f3imat, amennyi n\u00e9lk\u00fcl\u00f6zhetetlen egy-egy k\u00e9rd\u00e9s meg\u00e9rt\u00e9s\u00e9hez, gyakorlati fontoss\u00e1g\u00e1nak al\u00e1t\u00e1maszt\u00e1s\u00e1hoz.<\/p>\n<p>A k\u00f6nyv nagyon hasznos olvasm\u00e1ny <strong>els\u0151 bab\u00e1jukat v\u00e1r\u00f3 p\u00e1roknak<\/strong>, de biztos vagyok benne, hogy <strong>t\u00f6bbedik v\u00e1rand\u00f3ss\u00e1g eset\u00e9n is<\/strong> fogtok tal\u00e1lni benne \u00faj ismereteket. Aj\u00e1nlom <strong>mind h\u00fcvelyi sz\u00fcl\u00e9sre k\u00e9sz\u00fcl\u0151, mind cs\u00e1sz\u00e1rmetsz\u00e9s el\u0151tt \u00e1ll\u00f3 n\u0151k p\u00e1rjainak<\/strong> \u2013 \u00e9s term\u00e9szetesen maguknak az \u00e9desany\u00e1knak is.<\/p>\n<p>K\u00f6nyvem f\u00f3kusz\u00e1ban a k\u00f3rh\u00e1zi sz\u00fcl\u00e9s \u00e1ll, m\u00e9gis j\u00f3 sz\u00edvvel aj\u00e1nlom<strong> int\u00e9zeten k\u00edv\u00fcli sz\u00fcl\u00e9st tervez\u0151 p\u00e1roknak, ap\u00e1kna<\/strong><strong>k is<\/strong>, hiszen sz\u00e1motokra is \u00e9rdekes k\u00e9rd\u00e9s p\u00e9ld\u00e1ul, hogy a b\u00e1b\u00e1k meg\u00e9rkez\u00e9s\u00e9ig mivel tudod t\u00e1mogatni a p\u00e1rodat, vagy hogy mire sz\u00e1m\u00edthattok, ha esetleg valamilyen okn\u00e1l fogva k\u00f3rh\u00e1zban kell folytatni az otthon megkezdett sz\u00fcl\u00e9st.<\/p>\n<p><strong>Itt tudod megrendelni a saj\u00e1t p\u00e9ld\u00e1nyodat: <\/strong><a title=\"el\u0151rendel\u00e9s\" href=\"https:\/\/szuleskonyv.hu\/index.php\/megrendeles\/#1759497961482-c03b193d-666d\">megrendel\u00e9s<\/a>[\/vc_column_text][\/vc_column][\/vc_row]<\/p>\n","protected":false},"excerpt":{"rendered":"<p>[vc_row][vc_column][vc_column_text] Apak\u00e9nt a sz\u00fcl\u0151szob\u00e1n \u00e9s\u00a0a gyermek\u00e1gyas id\u0151szakban \u00a0Sz\u00fcl\u00e9sre felk\u00e9sz\u00edt\u0151\u00a0\u00e9s sz\u00fcl\u0151s\u00e9gre hangol\u00f3 k\u00f6nyv f\u00e9rfiaknak\u00a0 Sz\u00fcl\u00e9s, beavatkoz\u00e1sok, jogok Hogyan tudom t\u00e1mogatni a p\u00e1romat? Hogyan &#8220;m\u0171k\u00f6dik&#8221; a kisbaba? &nbsp; &nbsp; \u00daj k\u00f6nyvemet els\u0151sorban f\u00e9rfiaknak sz\u00e1nom. A k\u00f6nyvet az a felismer\u00e9s h\u00edvta \u00e9letre, hogy egyre t\u00f6bb apa szeretne a p\u00e1rja mellett lenni a sz\u00fcl\u00e9sn\u00e9l \u2013 \u00e1m a legt\u00f6bb f\u00e9rfi [&hellip;]<\/p>\n","protected":false},"author":2,"featured_media":0,"parent":0,"menu_order":0,"comment_status":"closed","ping_status":"closed","template":"","meta":{"footnotes":""},"class_list":["post-617","page","type-page","status-publish","hentry"],"aioseo_notices":[],"_links":{"self":[{"href":"https:\/\/szuleskonyv.hu\/index.php\/wp-json\/wp\/v2\/pages\/617","targetHints":{"allow":["GET"]}}],"collection":[{"href":"https:\/\/szuleskonyv.hu\/index.php\/wp-json\/wp\/v2\/pages"}],"about":[{"href":"https:\/\/szuleskonyv.hu\/index.php\/wp-json\/wp\/v2\/types\/page"}],"author":[{"embeddable":true,"href":"https:\/\/szuleskonyv.hu\/index.php\/wp-json\/wp\/v2\/users\/2"}],"replies":[{"embeddable":true,"href":"https:\/\/szuleskonyv.hu\/index.php\/wp-json\/wp\/v2\/comments?post=617"}],"version-history":[{"count":24,"href":"https:\/\/szuleskonyv.hu\/index.php\/wp-json\/wp\/v2\/pages\/617\/revisions"}],"predecessor-version":[{"id":696,"href":"https:\/\/szuleskonyv.hu\/index.php\/wp-json\/wp\/v2\/pages\/617\/revisions\/696"}],"wp:attachment":[{"href":"https:\/\/szuleskonyv.hu\/index.php\/wp-json\/wp\/v2\/media?parent=617"}],"curies":[{"name":"wp","href":"https:\/\/api.w.org\/{rel}","templated":true}]}}

Apakönyv

<p>[vc_row][vc_column][vc_column_text]</p>
<h3 style="text-align: center;"><strong>Apaként </strong></h3>
<h3 style="text-align: center;"><strong>a szülőszobán és </strong><strong>a gyermekágyas időszakban</strong></h3>
<p style="text-align: center;"><strong> </strong><strong>Szülésre felkészítő </strong><strong>és szülőségre hangoló könyv férfiaknak</strong><em> </em></p>
<p style="text-align: center;"><em>Szülés, beavatkozások, jogok</em></p>
<p style="text-align: center;"><em>Hogyan tudom támogatni a páromat?</em></p>
<p style="text-align: center;"><em>Hogyan &#8220;működik&#8221; a kisbaba?</em></p>
<p>&nbsp;</p>
<p><img loading="lazy" decoding="async" class="size-medium wp-image-620 alignleft" src="https://szuleskonyv.hu/wp-content/uploads/2025/07/apakonyv_boritoterv_gabi1-228x300.jpg" alt="" width="228" height="300" srcset="https://szuleskonyv.hu/wp-content/uploads/2025/07/apakonyv_boritoterv_gabi1-228x300.jpg 228w, https://szuleskonyv.hu/wp-content/uploads/2025/07/apakonyv_boritoterv_gabi1-778x1024.jpg 778w, https://szuleskonyv.hu/wp-content/uploads/2025/07/apakonyv_boritoterv_gabi1-1167x1536.jpg 1167w, https://szuleskonyv.hu/wp-content/uploads/2025/07/apakonyv_boritoterv_gabi1.jpg 1171w" sizes="auto, (max-width: 228px) 100vw, 228px" /></p>
<p>&nbsp;</p>
<p>Új könyvemet elsősorban férfiaknak szánom.</p>
<p>A könyvet az a felismerés hívta életre, hogy egyre több apa szeretne a párja mellett lenni a szülésnél – ám <strong>a legtöbb férfi nincs tisztában azzal, mi is fog történni a szülőszobán, hogyan tud úgy jelen lenni, segíteni, hogy neki és a párjának is jó élmény lehessen a babájuk születése</strong>, és ne csak tehetetlenül sodródjon az eseményekkel.</p>
<p>Ráadásul <strong>a dolog nem ér véget a szüléssel</strong>: hirtelen ott terem egy 0-24 órás gondozást igénylő kis lény, aki bizony sokszor teljes fizikai és lelki odafordulást kíván, és nem lehet csak úgy félretenni, „kikapcsolni”, hogy a szülők pihenhessenek… <strong>Sok férfi </strong>(és nő)<strong> úgy nő fel, hogy nem lát, nem tart a karjában kisbabát</strong>: a párok gyakran kevés ismerettel rendelkeznek arról, hogyan működik az újszülött.</p>
<p>&nbsp;</p>
<p style="text-align: right;"><strong>Könyvajánló</strong><strong> a wmn.hu-n: <a title="könyvajánló" href="https://wmn.hu/wmn-life/65780-apa-helye-szules-szuloszoba" target="_blank" rel="noopener">könyvajánló</a></strong></p>
<p><strong>Leendő apaként biztosan hallottál ezt-azt a szülésről és a babákról, de vajon…</strong></p>
<p>…tudsz segíteni a párodnak eldönteni, hogy vajúdik vagy jóslófájásai vannak?</p>
<p>…mit mondasz a párodnak, ha azzal ébreszt hajnali kettőkör, hogy elfolyt a magzatvize?</p>
<p>…meg tudod nagyjából ítélni, hogy melyik szakaszban tart a szülés?</p>
<p>…kérdezel valamit, ha az orvos felkínálja az EDA-t a párodnak, vagy „egy kis oxit” javasol, hogy gyorsabb legyen a vajúdás?</p>
<p>…tudod, hogy az új országos szülészeti protokoll szerint az anyának joga van ahhoz, hogy egy általa választott kísérő császármetszés esetén is mellette legyen?</p>
<p>…és hogy a protokoll azt javasolja, hogy császármetszés esetén a műtéti seb összevarrásának idején a baba az anyával bőr-bőr kontaktusban legyen?</p>
<p>…szerinted a párod visszautasíthatja a szülésindítást, a programozott császármetszést, az oxitocint vagy a gátmetszést?</p>
<p>…tudod, miért jó, ha nem szorítják el azonnal az újszülött köldökzsinórját?</p>
<p>…tudod, hogy jogod van a kisbabáddal menni, ha orvosi ellátásra szorul?</p>
<p>…tudod, mi az, amivel a legnagyobb segítséget és támogatást nyújthatod a párodnak a gyermekágyas időszakban?</p>
<p>…tudod, kihez fordulhattok, ha egyszerűbb szoptatási kérdésben gyors, ingyenes szakértői segítségre van szükségetek?</p>
<p>…meglepődsz, ha azt mondom: lehet, hogy az első hetekben, akár hónapokban nem nagyon fogjátok tudni letenni a kezetekből a kisbabátokat? És hogy az első pár hétben szinte állandóan mellen szeretne lenni?</p>
<p style="text-align: right;"><a title="előrendelés" href="https://szuleskonyv.hu/index.php/megrendeles/#1759497961482-c03b193d-666d">Megrendelem!</a></p>
<p>És ez még csak pár kérdés!</p>
<p><em>Jogászként tudom, milyen fontos a tájékozottság ahhoz, hogy (jó) döntéseket hozhassunk, dúlaként pedig látom, mennyit számít, ha egy felkészült apa van az anya mellett a szülésnél és a gyermekágyas időszakban.</em></p>
<p>Elképesztő dolog, de igaz: mai világunkban <strong>férfiként is készülni kell a szülővé válásra: a szülésnél való tudatos, támogató jelenlétre, és a kisbaba megszületése utáni életre is!</strong></p>
<p style="text-align: right;"><em><strong>Itt lapozhatsz bele a könyvbe</strong></em>: <a title="olvass bele!" href="https://szuleskonyv.hu/index.php/beleolvasnal/#1759496727096-160f1504-494d">olvass bele!</a></p>
<p>Nem kell szakértővé képezned magadat, de igenis tehetsz azért, hogy férfiként, társként a lehető legtöbbet hozd ki a felmerülő helyzetekből!</p>
<p>Apakönyv becenevű könyvemmel ehhez szeretnék segítséget nyújtani, méghozzá <strong>elsősorban praktikus ismeretekkel és tanácsokkal</strong>.</p>
<p>Rövid, gyorsan fel-fellapozható könyvet terveztem, ezért igyekeztem visszafogni magam az elméleti szakmai és jogi ismeretek bemutatása terén: remélem, csak annyi elmélettel traktálom olvasóimat, amennyi nélkülözhetetlen egy-egy kérdés megértéséhez, gyakorlati fontosságának alátámasztásához.</p>
<p>A könyv nagyon hasznos olvasmány <strong>első babájukat váró pároknak</strong>, de biztos vagyok benne, hogy <strong>többedik várandósság esetén is</strong> fogtok találni benne új ismereteket. Ajánlom <strong>mind hüvelyi szülésre készülő, mind császármetszés előtt álló nők párjainak</strong> – és természetesen maguknak az édesanyáknak is.</p>
<p>Könyvem fókuszában a kórházi szülés áll, mégis jó szívvel ajánlom<strong> intézeten kívüli szülést tervező pároknak, apákna</strong><strong>k is</strong>, hiszen számotokra is érdekes kérdés például, hogy a bábák megérkezéséig mivel tudod támogatni a párodat, vagy hogy mire számíthattok, ha esetleg valamilyen oknál fogva kórházban kell folytatni az otthon megkezdett szülést.</p>
<p><strong>Itt tudod megrendelni a saját példányodat: </strong><a title="előrendelés" href="https://szuleskonyv.hu/index.php/megrendeles/#1759497961482-c03b193d-666d">megrendelés</a>[/vc_column_text][/vc_column][/vc_row]</p>

<p>[vc_row][vc_column][vc_column_text] Apaként a szülőszobán és a gyermekágyas időszakban  Szülésre felkészítő és szülőségre hangoló könyv férfiaknak  Szülés, beavatkozások, jogok Hogyan tudom támogatni a páromat? Hogyan &#8220;működik&#8221; a kisbaba? &nbsp; &nbsp; Új könyvemet elsősorban férfiaknak szánom. A könyvet az a felismerés hívta életre, hogy egyre több apa szeretne a párja mellett lenni a szülésnél – ám a legtöbb férfi [&hellip;]</p>
